[INFO] cloning repository https://github.com/mglawica/kokkupanek
[INFO] running `Command { std: "git" "-c" "credential.helper=" "-c" "credential.helper=/workspace/cargo-home/bin/git-credential-null" "clone" "--bare" "https://github.com/mglawica/kokkupanek" "/workspace/cache/git-repos/https%3A%2F%2Fgithub.com%2Fmglawica%2Fkokkupanek", kill_on_drop: false }`
[INFO] [stderr] Cloning into bare repository '/workspace/cache/git-repos/https%3A%2F%2Fgithub.com%2Fmglawica%2Fkokkupanek'...
[INFO] running `Command { std: "git" "rev-parse" "HEAD", kill_on_drop: false }`
[INFO] [stdout] 310a529f14baa171fee7b7547981da2f6688ae0f
[INFO] checking mglawica/kokkupanek against 40527f3e444fde1deb361751bdef9b9e11d1b971+rustflags=--cfg crater_hack --force-warn invalid-c-variadic-arguments for pr-162478
[INFO] running `Command { std: "git" "clone" "/workspace/cache/git-repos/https%3A%2F%2Fgithub.com%2Fmglawica%2Fkokkupanek" "/workspace/builds/worker-2-tc2/source", kill_on_drop: false }`
[INFO] [stderr] Cloning into '/workspace/builds/worker-2-tc2/source'...
[INFO] [stderr] done.
[INFO] started tweaking git repo https://github.com/mglawica/kokkupanek
[INFO] finished tweaking git repo https://github.com/mglawica/kokkupanek
[INFO] tweaked toml for git repo https://github.com/mglawica/kokkupanek written to /workspace/builds/worker-2-tc2/source/Cargo.toml
[INFO] validating manifest of git repo https://github.com/mglawica/kokkupanek on toolchain 40527f3e444fde1deb361751bdef9b9e11d1b971
[INFO] running `Command { std: CARGO_HOME="/workspace/cargo-home" RUSTUP_HOME="/workspace/rustup-home" "/workspace/cargo-home/bin/cargo" "+40527f3e444fde1deb361751bdef9b9e11d1b971" "metadata" "--manifest-path" "Cargo.toml" "--no-deps", kill_on_drop: false }`
[INFO] crate git repo https://github.com/mglawica/kokkupanek already has a lockfile, it will not be regenerated
[INFO] running `Command { std: CARGO_HOME="/workspace/cargo-home" RUSTUP_HOME="/workspace/rustup-home" "/workspace/cargo-home/bin/cargo" "+40527f3e444fde1deb361751bdef9b9e11d1b971" "fetch" "--manifest-path" "Cargo.toml", kill_on_drop: false }`
[INFO] [stderr] warning: Cargo.toml: `package.edition` is unspecified, defaulting to `2015` while the latest is `2024`
[INFO] [stderr] warning: `kokkupanek` (manifest) generated 1 warning
[INFO] [stderr]     Blocking waiting for file lock on package cache
[INFO] [stderr]     Updating git repository `https://github.com/graphql-rust/juniper`
[INFO] [stderr]     Updating crates.io index
[INFO] [stderr]     Blocking waiting for file lock on package cache
[ERROR] error running command: no output for 300 seconds
[INFO] checking mglawica/kokkupanek against 40527f3e444fde1deb361751bdef9b9e11d1b971+rustflags=--cfg crater_hack --force-warn invalid-c-variadic-arguments for pr-162478
[INFO] running `Command { std: "git" "clone" "/workspace/cache/git-repos/https%3A%2F%2Fgithub.com%2Fmglawica%2Fkokkupanek" "/workspace/builds/worker-2-tc2/source", kill_on_drop: false }`
[INFO] [stderr] Cloning into '/workspace/builds/worker-2-tc2/source'...
[INFO] [stderr] done.
[INFO] started tweaking git repo https://github.com/mglawica/kokkupanek
[INFO] finished tweaking git repo https://github.com/mglawica/kokkupanek
[INFO] tweaked toml for git repo https://github.com/mglawica/kokkupanek written to /workspace/builds/worker-2-tc2/source/Cargo.toml
[INFO] validating manifest of git repo https://github.com/mglawica/kokkupanek on toolchain 40527f3e444fde1deb361751bdef9b9e11d1b971
[INFO] running `Command { std: CARGO_HOME="/workspace/cargo-home" RUSTUP_HOME="/workspace/rustup-home" "/workspace/cargo-home/bin/cargo" "+40527f3e444fde1deb361751bdef9b9e11d1b971" "metadata" "--manifest-path" "Cargo.toml" "--no-deps", kill_on_drop: false }`
[INFO] crate git repo https://github.com/mglawica/kokkupanek already has a lockfile, it will not be regenerated
[INFO] running `Command { std: CARGO_HOME="/workspace/cargo-home" RUSTUP_HOME="/workspace/rustup-home" "/workspace/cargo-home/bin/cargo" "+40527f3e444fde1deb361751bdef9b9e11d1b971" "fetch" "--manifest-path" "Cargo.toml", kill_on_drop: false }`
[INFO] [stderr] warning: Cargo.toml: `package.edition` is unspecified, defaulting to `2015` while the latest is `2024`
[INFO] [stderr] warning: `kokkupanek` (manifest) generated 1 warning
[INFO] [stderr]     Blocking waiting for file lock on package cache
[INFO] [stderr]     Blocking waiting for file lock on package cache
[INFO] [stderr]     Blocking waiting for file lock on package cache
[INFO] [stderr]  Downloading crates ...
[INFO] [stderr]   Downloaded serde_millis v0.1.1
[INFO] [stderr]   Downloaded num-traits v0.1.41
[INFO] [stderr]   Downloaded itoa v0.3.4
[INFO] [stderr]   Downloaded serde v1.0.27
[INFO] [stderr]   Downloaded serde_json v1.0.9
[INFO] [stderr]   Downloaded quote v0.5.2
[INFO] [stderr]   Downloaded synstructure v0.6.1
[INFO] [stderr]   Downloaded cfg-if v0.1.2
[INFO] [stderr]   Downloaded failure_derive v0.1.1
[INFO] [stderr]   Downloaded rustc-demangle v0.1.8
[INFO] [stderr]   Downloaded bitflags v1.0.1
[INFO] [stderr]   Downloaded lazy_static v1.0.1
[INFO] [stderr]   Downloaded dtoa v0.4.2
[INFO] [stderr]   Downloaded serde_derive_internals v0.19.0
[INFO] [stderr]   Downloaded log v0.4.1
[INFO] [stderr]   Downloaded serde_derive v1.0.27
[INFO] [stderr]   Downloaded proc-macro2 v0.3.8
[INFO] [stderr]   Downloaded aho-corasick v0.6.5
[INFO] [stderr]   Downloaded failure v0.1.1
[INFO] [stderr]   Downloaded backtrace v0.3.9
[INFO] [stderr]   Downloaded indexmap v1.0.1
[INFO] [stderr]   Downloaded cc v1.0.17
[INFO] [stderr]   Downloaded syn v0.13.11
[INFO] [stderr]   Downloaded regex v0.2.11
[INFO] [stderr]   Downloaded regex-syntax v0.5.6
[INFO] [stderr]   Downloaded libc v0.2.36
[INFO] [stderr]   Downloaded backtrace-sys v0.1.23
[INFO] [stderr]   Downloaded winapi v0.3.4
[INFO] running `Command { std: "docker" "create" "-v" "/var/lib/crater-agent-workspace/builds/worker-2-tc2/source:/opt/rustwide/workdir:ro,Z" "-v" "/var/lib/crater-agent-workspace/builds/worker-2-tc2/target:/opt/rustwide/target:rw,Z" "-v" "/var/lib/crater-agent-workspace/cargo-home:/opt/rustwide/cargo-home:ro,Z" "-v" "/var/lib/crater-agent-workspace/rustup-home:/opt/rustwide/rustup-home:ro,Z" "-m" "1610612736" "--network" "none" "ghcr.io/rust-lang/crates-build-env/linux@sha256:8683fc1fc2eb5c9ac98e0d076ab094b2ffac7f99da555d2b6a2e27f346de2ec7" "sleep" "infinity", kill_on_drop: false }`
[INFO] [stdout] fe79f233570185a0f1a712fa2910260ace84bb9663d4c30895017e02c472c8fe
[INFO] running `Command { std: "docker" "start" "fe79f233570185a0f1a712fa2910260ace84bb9663d4c30895017e02c472c8fe", kill_on_drop: false }`
[INFO] running `Command { std: "docker" "inspect" "fe79f233570185a0f1a712fa2910260ace84bb9663d4c30895017e02c472c8fe", kill_on_drop: false }`
[INFO] running `Command { std: "docker" "exec" "-e" "SOURCE_DIR=/opt/rustwide/workdir" "-e" "CARGO_HOME=/opt/rustwide/cargo-home" "-e" "RUSTUP_HOME=/opt/rustwide/rustup-home" "-e" "CARGO_TARGET_DIR=/opt/rustwide/target" "-w" "/opt/rustwide/workdir" "--user" "0:0" "fe79f233570185a0f1a712fa2910260ace84bb9663d4c30895017e02c472c8fe" "/opt/rustwide/cargo-home/bin/cargo" "+40527f3e444fde1deb361751bdef9b9e11d1b971" "metadata" "--no-deps" "--format-version=1", kill_on_drop: false }`
[INFO] running `Command { std: "docker" "inspect" "fe79f233570185a0f1a712fa2910260ace84bb9663d4c30895017e02c472c8fe", kill_on_drop: false }`
[INFO] running `Command { std: "docker" "exec" "-e" "SOURCE_DIR=/opt/rustwide/workdir" "-e" "CARGO_HOME=/opt/rustwide/cargo-home" "-e" "RUSTUP_HOME=/opt/rustwide/rustup-home" "-e" "CARGO_TARGET_DIR=/opt/rustwide/target" "-e" "CARGO_INCREMENTAL=0" "-e" "RUST_BACKTRACE=full" "-e" "RUSTFLAGS=--cap-lints=forbid --cfg crater_hack --force-warn invalid-c-variadic-arguments" "-e" "RUSTDOCFLAGS=--cap-lints=forbid" "-w" "/opt/rustwide/workdir" "--user" "0:0" "fe79f233570185a0f1a712fa2910260ace84bb9663d4c30895017e02c472c8fe" "/opt/rustwide/cargo-home/bin/cargo" "+40527f3e444fde1deb361751bdef9b9e11d1b971" "check" "--frozen" "--all" "--all-targets" "--message-format=json", kill_on_drop: false }`
[INFO] [stderr] warning: Cargo.toml: `package.edition` is unspecified, defaulting to `2015` while the latest is `2024`
[INFO] [stderr] warning: `kokkupanek` (manifest) generated 1 warning
[INFO] [stderr]    Compiling unicode-xid v0.0.4
[INFO] [stderr]    Compiling quote v0.3.15
[INFO] [stderr]    Compiling cc v1.0.17
[INFO] [stderr]    Compiling void v1.0.2
[INFO] [stderr]    Compiling unicode-xid v0.1.0
[INFO] [stderr]    Compiling libc v0.2.36
[INFO] [stderr]     Checking serde v1.0.27
[INFO] [stderr]    Compiling ucd-util v0.1.1
[INFO] [stderr]    Compiling lazy_static v1.0.1
[INFO] [stderr]    Compiling regex v0.2.11
[INFO] [stderr]     Checking cfg-if v0.1.2
[INFO] [stderr]    Compiling utf8-ranges v1.0.0
[INFO] [stderr]     Checking rustc-demangle v0.1.8
[INFO] [stderr]     Checking fnv v1.0.6
[INFO] [stderr]     Checking num-traits v0.1.41
[INFO] [stderr]    Compiling synom v0.11.3
[INFO] [stderr]    Compiling unreachable v1.0.0
[INFO] [stderr]    Compiling proc-macro2 v0.3.8
[INFO] [stderr]    Compiling regex-syntax v0.5.6
[INFO] [stderr]     Checking itoa v0.3.4
[INFO] [stderr]     Checking dtoa v0.4.2
[INFO] [stderr]     Checking log v0.4.1
[INFO] [stderr]     Checking matches v0.1.6
[INFO] [stderr]    Compiling thread_local v0.3.5
[INFO] [stderr]    Compiling syn v0.11.11
[INFO] [stderr]     Checking rand v0.4.2
[INFO] [stderr]    Compiling memchr v2.0.1
[INFO] [stderr]    Compiling quote v0.5.2
[INFO] [stderr]    Compiling aho-corasick v0.6.5
[INFO] [stderr]    Compiling syn v0.13.11
[INFO] [stderr]    Compiling backtrace-sys v0.1.23
[INFO] [stderr]    Compiling serde_derive_internals v0.19.0
[INFO] [stderr]    Compiling synstructure v0.6.1
[INFO] [stderr]    Compiling failure_derive v0.1.1
[INFO] [stderr]    Compiling serde_derive v1.0.27
[INFO] [stderr]     Checking backtrace v0.3.9
[INFO] [stderr]     Checking failure v0.1.1
[INFO] [stderr]     Checking indexmap v1.0.1
[INFO] [stderr]     Checking serde_millis v0.1.1
[INFO] [stderr]     Checking serde_json v1.0.9
[INFO] [stderr]    Compiling juniper_codegen v0.9.2 (https://github.com/graphql-rust/juniper?rev=7933bf9#7933bf92)
[INFO] [stderr]     Checking juniper v0.9.2 (https://github.com/graphql-rust/juniper?rev=7933bf9#7933bf92)
[INFO] [stderr]     Checking kokkupanek v0.1.0 (/opt/rustwide/workdir)
[INFO] [stdout] warning: `extern` declarations without an explicit ABI are deprecated
[INFO] [stdout]   --> src/logger.rs:28:1
[INFO] [stdout]    |
[INFO] [stdout] 28 | extern {
[INFO] [stdout]    | ^^^^^^ help: explicitly specify the "C" ABI: `extern "C"`
[INFO] [stdout]    |
[INFO] [stdout]    = note: `#[warn(missing_abi)]` on by default
[INFO] [stdout] 
[INFO] [stdout] 
[INFO] [stdout] warning: `extern` declarations without an explicit ABI are deprecated
[INFO] [stdout]   --> src/logger.rs:28:1
[INFO] [stdout]    |
[INFO] [stdout] 28 | extern {
[INFO] [stdout]    | ^^^^^^ help: explicitly specify the "C" ABI: `extern "C"`
[INFO] [stdout]    |
[INFO] [stdout]    = note: `#[warn(missing_abi)]` on by default
[INFO] [stdout] 
[INFO] [stdout] 
[INFO] [stdout] warning: variable does not need to be mutable
[INFO] [stdout]    --> src/wrapper.rs:191:17
[INFO] [stdout]     |
[INFO] [stdout] 191 |             let mut out = logger.into_inner();
[INFO] [stdout]     |                 ----^^^
[INFO] [stdout]     |                 |
[INFO] [stdout]     |                 help: remove this `mut`
[INFO] [stdout]     |
[INFO] [stdout]     = note: `#[warn(unused_mut)]` (part of `#[warn(unused)]`) on by default
[INFO] [stdout] 
[INFO] [stdout] 
[INFO] [stdout] warning: variable does not need to be mutable
[INFO] [stdout]    --> src/wrapper.rs:196:17
[INFO] [stdout]     |
[INFO] [stdout] 196 |             let mut out = logger.into_inner();
[INFO] [stdout]     |                 ----^^^
[INFO] [stdout]     |                 |
[INFO] [stdout]     |                 help: remove this `mut`
[INFO] [stdout] 
[INFO] [stdout] 
[INFO] [stdout] warning: variable does not need to be mutable
[INFO] [stdout]    --> src/wrapper.rs:191:17
[INFO] [stdout]     |
[INFO] [stdout] 191 |             let mut out = logger.into_inner();
[INFO] [stdout]     |                 ----^^^
[INFO] [stdout]     |                 |
[INFO] [stdout]     |                 help: remove this `mut`
[INFO] [stdout]     |
[INFO] [stdout]     = note: `#[warn(unused_mut)]` (part of `#[warn(unused)]`) on by default
[INFO] [stdout] 
[INFO] [stdout] 
[INFO] [stdout] warning: variable does not need to be mutable
[INFO] [stdout]    --> src/wrapper.rs:196:17
[INFO] [stdout]     |
[INFO] [stdout] 196 |             let mut out = logger.into_inner();
[INFO] [stdout]     |                 ----^^^
[INFO] [stdout]     |                 |
[INFO] [stdout]     |                 help: remove this `mut`
[INFO] [stdout] 
[INFO] [stdout] 
[INFO] [stdout] warning: creating a shared reference to mutable static
[INFO] [stdout]   --> src/logger.rs:40:16
[INFO] [stdout]    |
[INFO] [stdout] 40 |             if LOGGER.cur.is_some() {
[INFO] [stdout]    |                ^^^^^^^^^^^^^^^^^^^^ shared reference to mutable static
[INFO] [stdout]    |
[INFO] [stdout]    = note: shared references to mutable statics are dangerous; it's undefined behavior if the static is mutated or if a mutable reference is created for it while the shared reference lives
[INFO] [stdout]    = note: for more information, see <https://doc.rust-lang.org/edition-guide/rust-2024/static-mut-references.html>
[INFO] [stdout]    = note: `#[warn(static_mut_refs)]` (part of `#[warn(rust_2024_compatibility)]`) on by default
[INFO] [stdout] help: this type already provides "interior mutability", so its binding doesn't need to be declared as mutable when borrowed with a shared reference
[INFO] [stdout]    |
[INFO] [stdout]  7 - static mut LOGGER: GlobalLogger = GlobalLogger {
[INFO] [stdout]  7 + static LOGGER: GlobalLogger = GlobalLogger {
[INFO] [stdout]    |
[INFO] [stdout] 
[INFO] [stdout] 
[INFO] [stdout] warning: creating a mutable reference to mutable static
[INFO] [stdout]   --> src/logger.rs:52:13
[INFO] [stdout]    |
[INFO] [stdout] 52 |             LOGGER.cur.take().expect("scheduler is set and not nested")
[INFO] [stdout]    |             ^^^^^^^^^^^^^^^^^ mutable reference to mutable static
[INFO] [stdout]    |
[INFO] [stdout]    = note: mutable references to mutable statics are dangerous; it's undefined behavior if any other pointer to the static is used or if any other reference is created for the static while the mutable reference lives
[INFO] [stdout]    = note: for more information, see <https://doc.rust-lang.org/edition-guide/rust-2024/static-mut-references.html>
[INFO] [stdout] 
[INFO] [stdout] 
[INFO] [stdout] warning: creating a mutable reference to mutable static
[INFO] [stdout]   --> src/logger.rs:62:13
[INFO] [stdout]    |
[INFO] [stdout] 62 |             LOGGER.cur.take();
[INFO] [stdout]    |             ^^^^^^^^^^^^^^^^^ mutable reference to mutable static
[INFO] [stdout]    |
[INFO] [stdout]    = note: mutable references to mutable statics are dangerous; it's undefined behavior if any other pointer to the static is used or if any other reference is created for the static while the mutable reference lives
[INFO] [stdout]    = note: for more information, see <https://doc.rust-lang.org/edition-guide/rust-2024/static-mut-references.html>
[INFO] [stdout] 
[INFO] [stdout] 
[INFO] [stdout] warning: creating a mutable reference to mutable static
[INFO] [stdout]   --> src/logger.rs:70:26
[INFO] [stdout]    |
[INFO] [stdout] 70 |             let mut lg = LOGGER.cur.as_mut()
[INFO] [stdout]    |                          ^^^^^^^^^^^^^^^^^^^ mutable reference to mutable static
[INFO] [stdout]    |
[INFO] [stdout]    = note: mutable references to mutable statics are dangerous; it's undefined behavior if any other pointer to the static is used or if any other reference is created for the static while the mutable reference lives
[INFO] [stdout]    = note: for more information, see <https://doc.rust-lang.org/edition-guide/rust-2024/static-mut-references.html>
[INFO] [stdout] 
[INFO] [stdout] 
[INFO] [stdout] warning: creating a mutable reference to mutable static
[INFO] [stdout]   --> src/logger.rs:85:26
[INFO] [stdout]    |
[INFO] [stdout] 85 |             let mut lg = LOGGER.cur.as_mut()
[INFO] [stdout]    |                          ^^^^^^^^^^^^^^^^^^^ mutable reference to mutable static
[INFO] [stdout]    |
[INFO] [stdout]    = note: mutable references to mutable statics are dangerous; it's undefined behavior if any other pointer to the static is used or if any other reference is created for the static while the mutable reference lives
[INFO] [stdout]    = note: for more information, see <https://doc.rust-lang.org/edition-guide/rust-2024/static-mut-references.html>
[INFO] [stdout] 
[INFO] [stdout] 
[INFO] [stdout] warning: creating a shared reference to mutable static
[INFO] [stdout]    --> src/logger.rs:121:25
[INFO] [stdout]     |
[INFO] [stdout] 121 |         log::set_logger(&LOGGER).expect("log init ok");
[INFO] [stdout]     |                         ^^^^^^^ shared reference to mutable static
[INFO] [stdout]     |
[INFO] [stdout]     = note: shared references to mutable statics are dangerous; it's undefined behavior if the static is mutated or if a mutable reference is created for it while the shared reference lives
[INFO] [stdout]     = note: for more information, see <https://doc.rust-lang.org/edition-guide/rust-2024/static-mut-references.html>
[INFO] [stdout] help: use `&raw const` instead to create a raw pointer
[INFO] [stdout]     |
[INFO] [stdout] 121 |         log::set_logger(&raw const LOGGER).expect("log init ok");
[INFO] [stdout]     |                          +++++++++
[INFO] [stdout] help: this type already provides "interior mutability", so its binding doesn't need to be declared as mutable when borrowed with a shared reference
[INFO] [stdout]     |
[INFO] [stdout]   7 - static mut LOGGER: GlobalLogger = GlobalLogger {
[INFO] [stdout]   7 + static LOGGER: GlobalLogger = GlobalLogger {
[INFO] [stdout]     |
[INFO] [stdout] 
[INFO] [stdout] 
[INFO] [stdout] warning: creating a shared reference to mutable static
[INFO] [stdout]   --> src/logger.rs:40:16
[INFO] [stdout]    |
[INFO] [stdout] 40 |             if LOGGER.cur.is_some() {
[INFO] [stdout]    |                ^^^^^^^^^^^^^^^^^^^^ shared reference to mutable static
[INFO] [stdout]    |
[INFO] [stdout]    = note: shared references to mutable statics are dangerous; it's undefined behavior if the static is mutated or if a mutable reference is created for it while the shared reference lives
[INFO] [stdout]    = note: for more information, see <https://doc.rust-lang.org/edition-guide/rust-2024/static-mut-references.html>
[INFO] [stdout]    = note: `#[warn(static_mut_refs)]` (part of `#[warn(rust_2024_compatibility)]`) on by default
[INFO] [stdout] help: this type already provides "interior mutability", so its binding doesn't need to be declared as mutable when borrowed with a shared reference
[INFO] [stdout]    |
[INFO] [stdout]  7 - static mut LOGGER: GlobalLogger = GlobalLogger {
[INFO] [stdout]  7 + static LOGGER: GlobalLogger = GlobalLogger {
[INFO] [stdout]    |
[INFO] [stdout] 
[INFO] [stdout] 
[INFO] [stdout] warning: creating a mutable reference to mutable static
[INFO] [stdout]   --> src/logger.rs:52:13
[INFO] [stdout]    |
[INFO] [stdout] 52 |             LOGGER.cur.take().expect("scheduler is set and not nested")
[INFO] [stdout]    |             ^^^^^^^^^^^^^^^^^ mutable reference to mutable static
[INFO] [stdout]    |
[INFO] [stdout]    = note: mutable references to mutable statics are dangerous; it's undefined behavior if any other pointer to the static is used or if any other reference is created for the static while the mutable reference lives
[INFO] [stdout]    = note: for more information, see <https://doc.rust-lang.org/edition-guide/rust-2024/static-mut-references.html>
[INFO] [stdout] 
[INFO] [stdout] 
[INFO] [stdout] warning: creating a mutable reference to mutable static
[INFO] [stdout]   --> src/logger.rs:62:13
[INFO] [stdout]    |
[INFO] [stdout] 62 |             LOGGER.cur.take();
[INFO] [stdout]    |             ^^^^^^^^^^^^^^^^^ mutable reference to mutable static
[INFO] [stdout]    |
[INFO] [stdout]    = note: mutable references to mutable statics are dangerous; it's undefined behavior if any other pointer to the static is used or if any other reference is created for the static while the mutable reference lives
[INFO] [stdout]    = note: for more information, see <https://doc.rust-lang.org/edition-guide/rust-2024/static-mut-references.html>
[INFO] [stdout] 
[INFO] [stdout] 
[INFO] [stdout] warning: creating a mutable reference to mutable static
[INFO] [stdout]   --> src/logger.rs:70:26
[INFO] [stdout]    |
[INFO] [stdout] 70 |             let mut lg = LOGGER.cur.as_mut()
[INFO] [stdout]    |                          ^^^^^^^^^^^^^^^^^^^ mutable reference to mutable static
[INFO] [stdout]    |
[INFO] [stdout]    = note: mutable references to mutable statics are dangerous; it's undefined behavior if any other pointer to the static is used or if any other reference is created for the static while the mutable reference lives
[INFO] [stdout]    = note: for more information, see <https://doc.rust-lang.org/edition-guide/rust-2024/static-mut-references.html>
[INFO] [stdout] 
[INFO] [stdout] 
[INFO] [stdout] warning: creating a mutable reference to mutable static
[INFO] [stdout]   --> src/logger.rs:85:26
[INFO] [stdout]    |
[INFO] [stdout] 85 |             let mut lg = LOGGER.cur.as_mut()
[INFO] [stdout]    |                          ^^^^^^^^^^^^^^^^^^^ mutable reference to mutable static
[INFO] [stdout]    |
[INFO] [stdout]    = note: mutable references to mutable statics are dangerous; it's undefined behavior if any other pointer to the static is used or if any other reference is created for the static while the mutable reference lives
[INFO] [stdout]    = note: for more information, see <https://doc.rust-lang.org/edition-guide/rust-2024/static-mut-references.html>
[INFO] [stdout] 
[INFO] [stdout] 
[INFO] [stdout] warning: creating a shared reference to mutable static
[INFO] [stdout]    --> src/logger.rs:121:25
[INFO] [stdout]     |
[INFO] [stdout] 121 |         log::set_logger(&LOGGER).expect("log init ok");
[INFO] [stdout]     |                         ^^^^^^^ shared reference to mutable static
[INFO] [stdout]     |
[INFO] [stdout]     = note: shared references to mutable statics are dangerous; it's undefined behavior if the static is mutated or if a mutable reference is created for it while the shared reference lives
[INFO] [stdout]     = note: for more information, see <https://doc.rust-lang.org/edition-guide/rust-2024/static-mut-references.html>
[INFO] [stdout] help: use `&raw const` instead to create a raw pointer
[INFO] [stdout]     |
[INFO] [stdout] 121 |         log::set_logger(&raw const LOGGER).expect("log init ok");
[INFO] [stdout]     |                          +++++++++
[INFO] [stdout] help: this type already provides "interior mutability", so its binding doesn't need to be declared as mutable when borrowed with a shared reference
[INFO] [stdout]     |
[INFO] [stdout]   7 - static mut LOGGER: GlobalLogger = GlobalLogger {
[INFO] [stdout]   7 + static LOGGER: GlobalLogger = GlobalLogger {
[INFO] [stdout]     |
[INFO] [stdout] 
[INFO] [stdout] 
[INFO] [stdout] warning: non-local `impl` definition, `impl` blocks should be written at the same level as their item
[INFO] [stdout]  --> src/input.rs:7:24
[INFO] [stdout]   |
[INFO] [stdout] 7 | #[derive(Clone, Debug, Deserialize)]
[INFO] [stdout]   |                        -^^^^^^^^^^
[INFO] [stdout]   |                        |
[INFO] [stdout]   |                        `Peer` is not local
[INFO] [stdout]   |                        `Deserialize` is not local
[INFO] [stdout]   |                        move the `impl` block outside of this constant `_IMPL_DESERIALIZE_FOR_Peer`
[INFO] [stdout]   |
[INFO] [stdout]   = note: the derive macro `Deserialize` defines the non-local `impl`, and may need to be changed
[INFO] [stdout]   = note: the derive macro `Deserialize` may come from an old version of the `serde_derive` crate, try updating your dependency with `cargo update -p serde_derive`
[INFO] [stdout]   = note: an `impl` is never scoped, even when it is nested inside an item, as it may impact type checking outside of that item, which can be the case if neither the trait or the self type are at the same nesting level as the `impl`
[INFO] [stdout]   = note: items in an anonymous const item (`const _: () = { ... }`) are treated as in the same scope as the anonymous const's declaration for the purpose of this lint
[INFO] [stdout]   = note: `#[warn(non_local_definitions)]` on by default
[INFO] [stdout]   = note: this warning originates in the derive macro `Deserialize` (in Nightly builds, run with -Z macro-backtrace for more info)
[INFO] [stdout] 
[INFO] [stdout] 
[INFO] [stdout] warning: non-local `impl` definition, `impl` blocks should be written at the same level as their item
[INFO] [stdout]   --> src/input.rs:18:10
[INFO] [stdout]    |
[INFO] [stdout] 18 | #[derive(Deserialize, Debug)]
[INFO] [stdout]    |          -^^^^^^^^^^
[INFO] [stdout]    |          |
[INFO] [stdout]    |          `GenericInput` is not local
[INFO] [stdout]    |          `Deserialize` is not local
[INFO] [stdout]    |          move the `impl` block outside of this constant `_IMPL_DESERIALIZE_FOR_GenericInput`
[INFO] [stdout]    |
[INFO] [stdout]    = note: the derive macro `Deserialize` defines the non-local `impl`, and may need to be changed
[INFO] [stdout]    = note: the derive macro `Deserialize` may come from an old version of the `serde_derive` crate, try updating your dependency with `cargo update -p serde_derive`
[INFO] [stdout]    = note: an `impl` is never scoped, even when it is nested inside an item, as it may impact type checking outside of that item, which can be the case if neither the trait or the self type are at the same nesting level as the `impl`
[INFO] [stdout]    = note: items in an anonymous const item (`const _: () = { ... }`) are treated as in the same scope as the anonymous const's declaration for the purpose of this lint
[INFO] [stdout]    = note: this warning originates in the derive macro `Deserialize` (in Nightly builds, run with -Z macro-backtrace for more info)
[INFO] [stdout] 
[INFO] [stdout] 
[INFO] [stdout] warning: hiding a lifetime that's elided elsewhere is confusing
[INFO] [stdout]   --> src/input.rs:78:18
[INFO] [stdout]    |
[INFO] [stdout] 78 |     pub fn hosts(&self) -> Hosts {
[INFO] [stdout]    |                  ^^^^^     ^^^^^ the same lifetime is hidden here
[INFO] [stdout]    |                  |
[INFO] [stdout]    |                  the lifetime is elided here
[INFO] [stdout]    |
[INFO] [stdout]    = help: the same lifetime is referred to in inconsistent ways, making the signature confusing
[INFO] [stdout]    = note: `#[warn(mismatched_lifetime_syntaxes)]` on by default
[INFO] [stdout] help: use `'_` for type paths
[INFO] [stdout]    |
[INFO] [stdout] 78 |     pub fn hosts(&self) -> Hosts<'_> {
[INFO] [stdout]    |                                 ++++
[INFO] [stdout] 
[INFO] [stdout] 
[INFO] [stdout] warning: non-local `impl` definition, `impl` blocks should be written at the same level as their item
[INFO] [stdout]  --> src/input.rs:7:24
[INFO] [stdout]   |
[INFO] [stdout] 7 | #[derive(Clone, Debug, Deserialize)]
[INFO] [stdout]   |                        -^^^^^^^^^^
[INFO] [stdout]   |                        |
[INFO] [stdout]   |                        `Peer` is not local
[INFO] [stdout]   |                        `Deserialize` is not local
[INFO] [stdout]   |                        move the `impl` block outside of this constant `_IMPL_DESERIALIZE_FOR_Peer`
[INFO] [stdout]   |
[INFO] [stdout]   = note: the derive macro `Deserialize` defines the non-local `impl`, and may need to be changed
[INFO] [stdout]   = note: the derive macro `Deserialize` may come from an old version of the `serde_derive` crate, try updating your dependency with `cargo update -p serde_derive`
[INFO] [stdout]   = note: an `impl` is never scoped, even when it is nested inside an item, as it may impact type checking outside of that item, which can be the case if neither the trait or the self type are at the same nesting level as the `impl`
[INFO] [stdout]   = note: items in an anonymous const item (`const _: () = { ... }`) are treated as in the same scope as the anonymous const's declaration for the purpose of this lint
[INFO] [stdout]   = note: `#[warn(non_local_definitions)]` on by default
[INFO] [stdout]   = note: this warning originates in the derive macro `Deserialize` (in Nightly builds, run with -Z macro-backtrace for more info)
[INFO] [stdout] 
[INFO] [stdout] 
[INFO] [stdout] warning: non-local `impl` definition, `impl` blocks should be written at the same level as their item
[INFO] [stdout]   --> src/input.rs:18:10
[INFO] [stdout]    |
[INFO] [stdout] 18 | #[derive(Deserialize, Debug)]
[INFO] [stdout]    |          -^^^^^^^^^^
[INFO] [stdout]    |          |
[INFO] [stdout]    |          `GenericInput` is not local
[INFO] [stdout]    |          `Deserialize` is not local
[INFO] [stdout]    |          move the `impl` block outside of this constant `_IMPL_DESERIALIZE_FOR_GenericInput`
[INFO] [stdout]    |
[INFO] [stdout]    = note: the derive macro `Deserialize` defines the non-local `impl`, and may need to be changed
[INFO] [stdout]    = note: the derive macro `Deserialize` may come from an old version of the `serde_derive` crate, try updating your dependency with `cargo update -p serde_derive`
[INFO] [stdout]    = note: an `impl` is never scoped, even when it is nested inside an item, as it may impact type checking outside of that item, which can be the case if neither the trait or the self type are at the same nesting level as the `impl`
[INFO] [stdout]    = note: items in an anonymous const item (`const _: () = { ... }`) are treated as in the same scope as the anonymous const's declaration for the purpose of this lint
[INFO] [stdout]    = note: this warning originates in the derive macro `Deserialize` (in Nightly builds, run with -Z macro-backtrace for more info)
[INFO] [stdout] 
[INFO] [stdout] 
[INFO] [stdout] warning: non-local `impl` definition, `impl` blocks should be written at the same level as their item
[INFO] [stdout]   --> src/wrapper.rs:17:10
[INFO] [stdout]    |
[INFO] [stdout] 17 | #[derive(Serialize, Debug)]
[INFO] [stdout]    |          -^^^^^^^^
[INFO] [stdout]    |          |
[INFO] [stdout]    |          `SchedulerResult` is not local
[INFO] [stdout]    |          `Serialize` is not local
[INFO] [stdout]    |          move the `impl` block outside of this constant `_IMPL_SERIALIZE_FOR_SchedulerResult`
[INFO] [stdout]    |
[INFO] [stdout]    = note: the derive macro `Serialize` defines the non-local `impl`, and may need to be changed
[INFO] [stdout]    = note: the derive macro `Serialize` may come from an old version of the `serde_derive` crate, try updating your dependency with `cargo update -p serde_derive`
[INFO] [stdout]    = note: an `impl` is never scoped, even when it is nested inside an item, as it may impact type checking outside of that item, which can be the case if neither the trait or the self type are at the same nesting level as the `impl`
[INFO] [stdout]    = note: items in an anonymous const item (`const _: () = { ... }`) are treated as in the same scope as the anonymous const's declaration for the purpose of this lint
[INFO] [stdout]    = note: this warning originates in the derive macro `Serialize` (in Nightly builds, run with -Z macro-backtrace for more info)
[INFO] [stdout] 
[INFO] [stdout] 
[INFO] [stdout] warning: hiding a lifetime that's elided elsewhere is confusing
[INFO] [stdout]   --> src/input.rs:78:18
[INFO] [stdout]    |
[INFO] [stdout] 78 |     pub fn hosts(&self) -> Hosts {
[INFO] [stdout]    |                  ^^^^^     ^^^^^ the same lifetime is hidden here
[INFO] [stdout]    |                  |
[INFO] [stdout]    |                  the lifetime is elided here
[INFO] [stdout]    |
[INFO] [stdout]    = help: the same lifetime is referred to in inconsistent ways, making the signature confusing
[INFO] [stdout]    = note: `#[warn(mismatched_lifetime_syntaxes)]` on by default
[INFO] [stdout] help: use `'_` for type paths
[INFO] [stdout]    |
[INFO] [stdout] 78 |     pub fn hosts(&self) -> Hosts<'_> {
[INFO] [stdout]    |                                 ++++
[INFO] [stdout] 
[INFO] [stdout] 
[INFO] [stdout] warning: non-local `impl` definition, `impl` blocks should be written at the same level as their item
[INFO] [stdout]   --> src/wrapper.rs:25:10
[INFO] [stdout]    |
[INFO] [stdout] 25 | #[derive(Serialize, Debug)]
[INFO] [stdout]    |          -^^^^^^^^
[INFO] [stdout]    |          |
[INFO] [stdout]    |          `ErrorResult` is not local
[INFO] [stdout]    |          `Serialize` is not local
[INFO] [stdout]    |          move the `impl` block outside of this constant `_IMPL_SERIALIZE_FOR_ErrorResult`
[INFO] [stdout]    |
[INFO] [stdout]    = note: the derive macro `Serialize` defines the non-local `impl`, and may need to be changed
[INFO] [stdout]    = note: the derive macro `Serialize` may come from an old version of the `serde_derive` crate, try updating your dependency with `cargo update -p serde_derive`
[INFO] [stdout]    = note: an `impl` is never scoped, even when it is nested inside an item, as it may impact type checking outside of that item, which can be the case if neither the trait or the self type are at the same nesting level as the `impl`
[INFO] [stdout]    = note: items in an anonymous const item (`const _: () = { ... }`) are treated as in the same scope as the anonymous const's declaration for the purpose of this lint
[INFO] [stdout]    = note: this warning originates in the derive macro `Serialize` (in Nightly builds, run with -Z macro-backtrace for more info)
[INFO] [stdout] 
[INFO] [stdout] 
[INFO] [stdout] warning: non-local `impl` definition, `impl` blocks should be written at the same level as their item
[INFO] [stdout]   --> src/wrapper.rs:31:17
[INFO] [stdout]    |
[INFO] [stdout] 31 | #[derive(Debug, Serialize)]
[INFO] [stdout]    |                 ^^^^^^^^^
[INFO] [stdout]    |                 |
[INFO] [stdout]    |                 `ErrorKind` is not local
[INFO] [stdout]    |                 `Serialize` is not local
[INFO] [stdout]    |                 move the `impl` block outside of this constant `_IMPL_SERIALIZE_FOR_ErrorKind`
[INFO] [stdout]    |
[INFO] [stdout]    = note: the derive macro `Serialize` defines the non-local `impl`, and may need to be changed
[INFO] [stdout]    = note: the derive macro `Serialize` may come from an old version of the `serde_derive` crate, try updating your dependency with `cargo update -p serde_derive`
[INFO] [stdout]    = note: an `impl` is never scoped, even when it is nested inside an item, as it may impact type checking outside of that item, which can be the case if neither the trait or the self type are at the same nesting level as the `impl`
[INFO] [stdout]    = note: items in an anonymous const item (`const _: () = { ... }`) are treated as in the same scope as the anonymous const's declaration for the purpose of this lint
[INFO] [stdout]    = note: this warning originates in the derive macro `Serialize` (in Nightly builds, run with -Z macro-backtrace for more info)
[INFO] [stdout] 
[INFO] [stdout] 
[INFO] [stdout] warning: non-local `impl` definition, `impl` blocks should be written at the same level as their item
[INFO] [stdout]   --> src/wrapper.rs:41:17
[INFO] [stdout]    |
[INFO] [stdout] 41 | #[derive(Debug, Serialize)]
[INFO] [stdout]    |                 ^^^^^^^^^
[INFO] [stdout]    |                 |
[INFO] [stdout]    |                 `QueryError` is not local
[INFO] [stdout]    |                 `Serialize` is not local
[INFO] [stdout]    |                 move the `impl` block outside of this constant `_IMPL_SERIALIZE_FOR_QueryError`
[INFO] [stdout]    |
[INFO] [stdout]    = note: the derive macro `Serialize` defines the non-local `impl`, and may need to be changed
[INFO] [stdout]    = note: the derive macro `Serialize` may come from an old version of the `serde_derive` crate, try updating your dependency with `cargo update -p serde_derive`
[INFO] [stdout]    = note: an `impl` is never scoped, even when it is nested inside an item, as it may impact type checking outside of that item, which can be the case if neither the trait or the self type are at the same nesting level as the `impl`
[INFO] [stdout]    = note: items in an anonymous const item (`const _: () = { ... }`) are treated as in the same scope as the anonymous const's declaration for the purpose of this lint
[INFO] [stdout]    = note: this warning originates in the derive macro `Serialize` (in Nightly builds, run with -Z macro-backtrace for more info)
[INFO] [stdout] 
[INFO] [stdout] 
[INFO] [stdout] warning: non-local `impl` definition, `impl` blocks should be written at the same level as their item
[INFO] [stdout]   --> src/lwwset.rs:15:24
[INFO] [stdout]    |
[INFO] [stdout] 15 | #[derive(Clone, Debug, Serialize, Deserialize)]
[INFO] [stdout]    |                        -^^^^^^^^
[INFO] [stdout]    |                        |
[INFO] [stdout]    |                        `Item` is not local
[INFO] [stdout]    |                        `Serialize` is not local
[INFO] [stdout]    |                        move the `impl` block outside of this constant `_IMPL_SERIALIZE_FOR_Item`
[INFO] [stdout]    |
[INFO] [stdout]    = note: the derive macro `Serialize` defines the non-local `impl`, and may need to be changed
[INFO] [stdout]    = note: the derive macro `Serialize` may come from an old version of the `serde_derive` crate, try updating your dependency with `cargo update -p serde_derive`
[INFO] [stdout]    = note: an `impl` is never scoped, even when it is nested inside an item, as it may impact type checking outside of that item, which can be the case if neither the trait or the self type are at the same nesting level as the `impl`
[INFO] [stdout]    = note: items in an anonymous const item (`const _: () = { ... }`) are treated as in the same scope as the anonymous const's declaration for the purpose of this lint
[INFO] [stdout]    = note: this warning originates in the derive macro `Serialize` (in Nightly builds, run with -Z macro-backtrace for more info)
[INFO] [stdout] 
[INFO] [stdout] 
[INFO] [stdout] warning: non-local `impl` definition, `impl` blocks should be written at the same level as their item
[INFO] [stdout]   --> src/lwwset.rs:15:35
[INFO] [stdout]    |
[INFO] [stdout] 15 | #[derive(Clone, Debug, Serialize, Deserialize)]
[INFO] [stdout]    |                                   -^^^^^^^^^^
[INFO] [stdout]    |                                   |
[INFO] [stdout]    |                                   `Item` is not local
[INFO] [stdout]    |                                   `Deserialize` is not local
[INFO] [stdout]    |                                   move the `impl` block outside of this constant `_IMPL_DESERIALIZE_FOR_Item`
[INFO] [stdout]    |
[INFO] [stdout]    = note: the derive macro `Deserialize` defines the non-local `impl`, and may need to be changed
[INFO] [stdout]    = note: the derive macro `Deserialize` may come from an old version of the `serde_derive` crate, try updating your dependency with `cargo update -p serde_derive`
[INFO] [stdout]    = note: an `impl` is never scoped, even when it is nested inside an item, as it may impact type checking outside of that item, which can be the case if neither the trait or the self type are at the same nesting level as the `impl`
[INFO] [stdout]    = note: items in an anonymous const item (`const _: () = { ... }`) are treated as in the same scope as the anonymous const's declaration for the purpose of this lint
[INFO] [stdout]    = note: this warning originates in the derive macro `Deserialize` (in Nightly builds, run with -Z macro-backtrace for more info)
[INFO] [stdout] 
[INFO] [stdout] 
[INFO] [stdout] warning: non-local `impl` definition, `impl` blocks should be written at the same level as their item
[INFO] [stdout]   --> src/wrapper.rs:17:10
[INFO] [stdout]    |
[INFO] [stdout] 17 | #[derive(Serialize, Debug)]
[INFO] [stdout]    |          -^^^^^^^^
[INFO] [stdout]    |          |
[INFO] [stdout]    |          `SchedulerResult` is not local
[INFO] [stdout]    |          `Serialize` is not local
[INFO] [stdout]    |          move the `impl` block outside of this constant `_IMPL_SERIALIZE_FOR_SchedulerResult`
[INFO] [stdout]    |
[INFO] [stdout]    = note: the derive macro `Serialize` defines the non-local `impl`, and may need to be changed
[INFO] [stdout]    = note: the derive macro `Serialize` may come from an old version of the `serde_derive` crate, try updating your dependency with `cargo update -p serde_derive`
[INFO] [stdout]    = note: an `impl` is never scoped, even when it is nested inside an item, as it may impact type checking outside of that item, which can be the case if neither the trait or the self type are at the same nesting level as the `impl`
[INFO] [stdout]    = note: items in an anonymous const item (`const _: () = { ... }`) are treated as in the same scope as the anonymous const's declaration for the purpose of this lint
[INFO] [stdout]    = note: this warning originates in the derive macro `Serialize` (in Nightly builds, run with -Z macro-backtrace for more info)
[INFO] [stdout] 
[INFO] [stdout] 
[INFO] [stdout] warning: non-local `impl` definition, `impl` blocks should be written at the same level as their item
[INFO] [stdout]   --> src/wrapper.rs:25:10
[INFO] [stdout]    |
[INFO] [stdout] 25 | #[derive(Serialize, Debug)]
[INFO] [stdout]    |          -^^^^^^^^
[INFO] [stdout]    |          |
[INFO] [stdout]    |          `ErrorResult` is not local
[INFO] [stdout]    |          `Serialize` is not local
[INFO] [stdout]    |          move the `impl` block outside of this constant `_IMPL_SERIALIZE_FOR_ErrorResult`
[INFO] [stdout]    |
[INFO] [stdout]    = note: the derive macro `Serialize` defines the non-local `impl`, and may need to be changed
[INFO] [stdout]    = note: the derive macro `Serialize` may come from an old version of the `serde_derive` crate, try updating your dependency with `cargo update -p serde_derive`
[INFO] [stdout]    = note: an `impl` is never scoped, even when it is nested inside an item, as it may impact type checking outside of that item, which can be the case if neither the trait or the self type are at the same nesting level as the `impl`
[INFO] [stdout]    = note: items in an anonymous const item (`const _: () = { ... }`) are treated as in the same scope as the anonymous const's declaration for the purpose of this lint
[INFO] [stdout]    = note: this warning originates in the derive macro `Serialize` (in Nightly builds, run with -Z macro-backtrace for more info)
[INFO] [stdout] 
[INFO] [stdout] 
[INFO] [stdout] warning: non-local `impl` definition, `impl` blocks should be written at the same level as their item
[INFO] [stdout]   --> src/wrapper.rs:31:17
[INFO] [stdout]    |
[INFO] [stdout] 31 | #[derive(Debug, Serialize)]
[INFO] [stdout]    |                 ^^^^^^^^^
[INFO] [stdout]    |                 |
[INFO] [stdout]    |                 `ErrorKind` is not local
[INFO] [stdout]    |                 `Serialize` is not local
[INFO] [stdout]    |                 move the `impl` block outside of this constant `_IMPL_SERIALIZE_FOR_ErrorKind`
[INFO] [stdout]    |
[INFO] [stdout]    = note: the derive macro `Serialize` defines the non-local `impl`, and may need to be changed
[INFO] [stdout]    = note: the derive macro `Serialize` may come from an old version of the `serde_derive` crate, try updating your dependency with `cargo update -p serde_derive`
[INFO] [stdout]    = note: an `impl` is never scoped, even when it is nested inside an item, as it may impact type checking outside of that item, which can be the case if neither the trait or the self type are at the same nesting level as the `impl`
[INFO] [stdout]    = note: items in an anonymous const item (`const _: () = { ... }`) are treated as in the same scope as the anonymous const's declaration for the purpose of this lint
[INFO] [stdout]    = note: this warning originates in the derive macro `Serialize` (in Nightly builds, run with -Z macro-backtrace for more info)
[INFO] [stdout] 
[INFO] [stdout] 
[INFO] [stdout] warning: non-local `impl` definition, `impl` blocks should be written at the same level as their item
[INFO] [stdout]   --> src/wrapper.rs:41:17
[INFO] [stdout]    |
[INFO] [stdout] 41 | #[derive(Debug, Serialize)]
[INFO] [stdout]    |                 ^^^^^^^^^
[INFO] [stdout]    |                 |
[INFO] [stdout]    |                 `QueryError` is not local
[INFO] [stdout]    |                 `Serialize` is not local
[INFO] [stdout]    |                 move the `impl` block outside of this constant `_IMPL_SERIALIZE_FOR_QueryError`
[INFO] [stdout]    |
[INFO] [stdout]    = note: the derive macro `Serialize` defines the non-local `impl`, and may need to be changed
[INFO] [stdout]    = note: the derive macro `Serialize` may come from an old version of the `serde_derive` crate, try updating your dependency with `cargo update -p serde_derive`
[INFO] [stdout]    = note: an `impl` is never scoped, even when it is nested inside an item, as it may impact type checking outside of that item, which can be the case if neither the trait or the self type are at the same nesting level as the `impl`
[INFO] [stdout]    = note: items in an anonymous const item (`const _: () = { ... }`) are treated as in the same scope as the anonymous const's declaration for the purpose of this lint
[INFO] [stdout]    = note: this warning originates in the derive macro `Serialize` (in Nightly builds, run with -Z macro-backtrace for more info)
[INFO] [stdout] 
[INFO] [stdout] 
[INFO] [stdout] warning: non-local `impl` definition, `impl` blocks should be written at the same level as their item
[INFO] [stdout]   --> src/lwwset.rs:15:24
[INFO] [stdout]    |
[INFO] [stdout] 15 | #[derive(Clone, Debug, Serialize, Deserialize)]
[INFO] [stdout]    |                        -^^^^^^^^
[INFO] [stdout]    |                        |
[INFO] [stdout]    |                        `Item` is not local
[INFO] [stdout]    |                        `Serialize` is not local
[INFO] [stdout]    |                        move the `impl` block outside of this constant `_IMPL_SERIALIZE_FOR_Item`
[INFO] [stdout]    |
[INFO] [stdout]    = note: the derive macro `Serialize` defines the non-local `impl`, and may need to be changed
[INFO] [stdout]    = note: the derive macro `Serialize` may come from an old version of the `serde_derive` crate, try updating your dependency with `cargo update -p serde_derive`
[INFO] [stdout]    = note: an `impl` is never scoped, even when it is nested inside an item, as it may impact type checking outside of that item, which can be the case if neither the trait or the self type are at the same nesting level as the `impl`
[INFO] [stdout]    = note: items in an anonymous const item (`const _: () = { ... }`) are treated as in the same scope as the anonymous const's declaration for the purpose of this lint
[INFO] [stdout]    = note: this warning originates in the derive macro `Serialize` (in Nightly builds, run with -Z macro-backtrace for more info)
[INFO] [stdout] 
[INFO] [stdout] 
[INFO] [stdout] warning: non-local `impl` definition, `impl` blocks should be written at the same level as their item
[INFO] [stdout]   --> src/lwwset.rs:15:35
[INFO] [stdout]    |
[INFO] [stdout] 15 | #[derive(Clone, Debug, Serialize, Deserialize)]
[INFO] [stdout]    |                                   -^^^^^^^^^^
[INFO] [stdout]    |                                   |
[INFO] [stdout]    |                                   `Item` is not local
[INFO] [stdout]    |                                   `Deserialize` is not local
[INFO] [stdout]    |                                   move the `impl` block outside of this constant `_IMPL_DESERIALIZE_FOR_Item`
[INFO] [stdout]    |
[INFO] [stdout]    = note: the derive macro `Deserialize` defines the non-local `impl`, and may need to be changed
[INFO] [stdout]    = note: the derive macro `Deserialize` may come from an old version of the `serde_derive` crate, try updating your dependency with `cargo update -p serde_derive`
[INFO] [stdout]    = note: an `impl` is never scoped, even when it is nested inside an item, as it may impact type checking outside of that item, which can be the case if neither the trait or the self type are at the same nesting level as the `impl`
[INFO] [stdout]    = note: items in an anonymous const item (`const _: () = { ... }`) are treated as in the same scope as the anonymous const's declaration for the purpose of this lint
[INFO] [stdout]    = note: this warning originates in the derive macro `Deserialize` (in Nightly builds, run with -Z macro-backtrace for more info)
[INFO] [stdout] 
[INFO] [stdout] 
[INFO] [stdout] warning: non-local `impl` definition, `impl` blocks should be written at the same level as their item
[INFO] [stdout]   --> src/lwwset.rs:35:24
[INFO] [stdout]    |
[INFO] [stdout] 35 | #[derive(Clone, Debug, Deserialize, Serialize)]
[INFO] [stdout]    |                        -^^^^^^^^^^
[INFO] [stdout]    |                        |
[INFO] [stdout]    |                        `Map` is not local
[INFO] [stdout]    |                        `Deserialize` is not local
[INFO] [stdout]    |                        move the `impl` block outside of this constant `_IMPL_DESERIALIZE_FOR_Map`
[INFO] [stdout]    |
[INFO] [stdout]    = note: the derive macro `Deserialize` defines the non-local `impl`, and may need to be changed
[INFO] [stdout]    = note: the derive macro `Deserialize` may come from an old version of the `serde_derive` crate, try updating your dependency with `cargo update -p serde_derive`
[INFO] [stdout]    = note: an `impl` is never scoped, even when it is nested inside an item, as it may impact type checking outside of that item, which can be the case if neither the trait or the self type are at the same nesting level as the `impl`
[INFO] [stdout]    = note: items in an anonymous const item (`const _: () = { ... }`) are treated as in the same scope as the anonymous const's declaration for the purpose of this lint
[INFO] [stdout]    = note: this warning originates in the derive macro `Deserialize` (in Nightly builds, run with -Z macro-backtrace for more info)
[INFO] [stdout] 
[INFO] [stdout] 
[INFO] [stdout] warning: non-local `impl` definition, `impl` blocks should be written at the same level as their item
[INFO] [stdout]   --> src/lwwset.rs:35:37
[INFO] [stdout]    |
[INFO] [stdout] 35 | #[derive(Clone, Debug, Deserialize, Serialize)]
[INFO] [stdout]    |                                     -^^^^^^^^
[INFO] [stdout]    |                                     |
[INFO] [stdout]    |                                     `Map` is not local
[INFO] [stdout]    |                                     `Serialize` is not local
[INFO] [stdout]    |                                     move the `impl` block outside of this constant `_IMPL_SERIALIZE_FOR_Map`
[INFO] [stdout]    |
[INFO] [stdout]    = note: the derive macro `Serialize` defines the non-local `impl`, and may need to be changed
[INFO] [stdout]    = note: the derive macro `Serialize` may come from an old version of the `serde_derive` crate, try updating your dependency with `cargo update -p serde_derive`
[INFO] [stdout]    = note: an `impl` is never scoped, even when it is nested inside an item, as it may impact type checking outside of that item, which can be the case if neither the trait or the self type are at the same nesting level as the `impl`
[INFO] [stdout]    = note: items in an anonymous const item (`const _: () = { ... }`) are treated as in the same scope as the anonymous const's declaration for the purpose of this lint
[INFO] [stdout]    = note: this warning originates in the derive macro `Serialize` (in Nightly builds, run with -Z macro-backtrace for more info)
[INFO] [stdout] 
[INFO] [stdout] 
[INFO] [stdout] warning: hiding a lifetime that's elided elsewhere is confusing
[INFO] [stdout]    --> src/lwwset.rs:140:17
[INFO] [stdout]     |
[INFO] [stdout] 140 |     pub fn iter(&self) -> Iter<K, V> {
[INFO] [stdout]     |                 ^^^^^     ^^^^^^^^^^ the same lifetime is hidden here
[INFO] [stdout]     |                 |
[INFO] [stdout]     |                 the lifetime is elided here
[INFO] [stdout]     |
[INFO] [stdout]     = help: the same lifetime is referred to in inconsistent ways, making the signature confusing
[INFO] [stdout] help: use `'_` for type paths
[INFO] [stdout]     |
[INFO] [stdout] 140 |     pub fn iter(&self) -> Iter<'_, K, V> {
[INFO] [stdout]     |                                +++
[INFO] [stdout] 
[INFO] [stdout] 
[INFO] [stdout] warning: hiding a lifetime that's elided elsewhere is confusing
[INFO] [stdout]    --> src/lwwset.rs:144:21
[INFO] [stdout]     |
[INFO] [stdout] 144 |     pub fn iter_mut(&mut self) -> IterMut<K, V> {
[INFO] [stdout]     |                     ^^^^^^^^^     ^^^^^^^^^^^^^ the same lifetime is hidden here
[INFO] [stdout]     |                     |
[INFO] [stdout]     |                     the lifetime is elided here
[INFO] [stdout]     |
[INFO] [stdout]     = help: the same lifetime is referred to in inconsistent ways, making the signature confusing
[INFO] [stdout] help: use `'_` for type paths
[INFO] [stdout]     |
[INFO] [stdout] 144 |     pub fn iter_mut(&mut self) -> IterMut<'_, K, V> {
[INFO] [stdout]     |                                           +++
[INFO] [stdout] 
[INFO] [stdout] 
[INFO] [stdout] warning: hiding a lifetime that's elided elsewhere is confusing
[INFO] [stdout]   --> src/version.rs:46:23
[INFO] [stdout]    |
[INFO] [stdout] 46 |     pub fn components(&self) -> Components {
[INFO] [stdout]    |                       ^^^^^     ^^^^^^^^^^ the same lifetime is hidden here
[INFO] [stdout]    |                       |
[INFO] [stdout]    |                       the lifetime is elided here
[INFO] [stdout]    |
[INFO] [stdout]    = help: the same lifetime is referred to in inconsistent ways, making the signature confusing
[INFO] [stdout] help: use `'_` for type paths
[INFO] [stdout]    |
[INFO] [stdout] 46 |     pub fn components(&self) -> Components<'_> {
[INFO] [stdout]    |                                           ++++
[INFO] [stdout] 
[INFO] [stdout] 
[INFO] [stdout] warning: non-local `impl` definition, `impl` blocks should be written at the same level as their item
[INFO] [stdout]  --> src/shield.rs:8:24
[INFO] [stdout]   |
[INFO] [stdout] 8 | #[derive(Clone, Debug, Serialize, Deserialize)]
[INFO] [stdout]   |                        -^^^^^^^^
[INFO] [stdout]   |                        |
[INFO] [stdout]   |                        `Shield` is not local
[INFO] [stdout]   |                        `Serialize` is not local
[INFO] [stdout]   |                        move the `impl` block outside of this constant `_IMPL_SERIALIZE_FOR_Shield`
[INFO] [stdout]   |
[INFO] [stdout]   = note: the derive macro `Serialize` defines the non-local `impl`, and may need to be changed
[INFO] [stdout]   = note: the derive macro `Serialize` may come from an old version of the `serde_derive` crate, try updating your dependency with `cargo update -p serde_derive`
[INFO] [stdout]   = note: an `impl` is never scoped, even when it is nested inside an item, as it may impact type checking outside of that item, which can be the case if neither the trait or the self type are at the same nesting level as the `impl`
[INFO] [stdout]   = note: items in an anonymous const item (`const _: () = { ... }`) are treated as in the same scope as the anonymous const's declaration for the purpose of this lint
[INFO] [stdout]   = note: this warning originates in the derive macro `Serialize` (in Nightly builds, run with -Z macro-backtrace for more info)
[INFO] [stdout] 
[INFO] [stdout] 
[INFO] [stdout] warning: non-local `impl` definition, `impl` blocks should be written at the same level as their item
[INFO] [stdout]  --> src/shield.rs:8:35
[INFO] [stdout]   |
[INFO] [stdout] 8 | #[derive(Clone, Debug, Serialize, Deserialize)]
[INFO] [stdout]   |                                   -^^^^^^^^^^
[INFO] [stdout]   |                                   |
[INFO] [stdout]   |                                   `Shield` is not local
[INFO] [stdout]   |                                   `Deserialize` is not local
[INFO] [stdout]   |                                   move the `impl` block outside of this constant `_IMPL_DESERIALIZE_FOR_Shield`
[INFO] [stdout]   |
[INFO] [stdout]   = note: the derive macro `Deserialize` defines the non-local `impl`, and may need to be changed
[INFO] [stdout]   = note: the derive macro `Deserialize` may come from an old version of the `serde_derive` crate, try updating your dependency with `cargo update -p serde_derive`
[INFO] [stdout]   = note: an `impl` is never scoped, even when it is nested inside an item, as it may impact type checking outside of that item, which can be the case if neither the trait or the self type are at the same nesting level as the `impl`
[INFO] [stdout]   = note: items in an anonymous const item (`const _: () = { ... }`) are treated as in the same scope as the anonymous const's declaration for the purpose of this lint
[INFO] [stdout]   = note: this warning originates in the derive macro `Deserialize` (in Nightly builds, run with -Z macro-backtrace for more info)
[INFO] [stdout] 
[INFO] [stdout] 
[INFO] [stdout] warning: creating a mutable reference to mutable static
[INFO] [stdout]   --> src/random.rs:17:9
[INFO] [stdout]    |
[INFO] [stdout] 17 |         RANDOM.as_mut().expect("random generator is initialized")
[INFO] [stdout]    |         ^^^^^^^^^^^^^^^ mutable reference to mutable static
[INFO] [stdout]    |
[INFO] [stdout]    = note: mutable references to mutable statics are dangerous; it's undefined behavior if any other pointer to the static is used or if any other reference is created for the static while the mutable reference lives
[INFO] [stdout]    = help: use a type that relies on "interior mutability" instead; to read more on this, visit <https://doc.rust-lang.org/reference/interior-mutability.html>
[INFO] [stdout]    = note: for more information, see <https://doc.rust-lang.org/edition-guide/rust-2024/static-mut-references.html>
[INFO] [stdout] 
[INFO] [stdout] 
[INFO] [stdout] warning: non-local `impl` definition, `impl` blocks should be written at the same level as their item
[INFO] [stdout]   --> src/lwwset.rs:35:24
[INFO] [stdout]    |
[INFO] [stdout] 35 | #[derive(Clone, Debug, Deserialize, Serialize)]
[INFO] [stdout]    |                        -^^^^^^^^^^
[INFO] [stdout]    |                        |
[INFO] [stdout]    |                        `Map` is not local
[INFO] [stdout]    |                        `Deserialize` is not local
[INFO] [stdout]    |                        move the `impl` block outside of this constant `_IMPL_DESERIALIZE_FOR_Map`
[INFO] [stdout]    |
[INFO] [stdout]    = note: the derive macro `Deserialize` defines the non-local `impl`, and may need to be changed
[INFO] [stdout]    = note: the derive macro `Deserialize` may come from an old version of the `serde_derive` crate, try updating your dependency with `cargo update -p serde_derive`
[INFO] [stdout]    = note: an `impl` is never scoped, even when it is nested inside an item, as it may impact type checking outside of that item, which can be the case if neither the trait or the self type are at the same nesting level as the `impl`
[INFO] [stdout]    = note: items in an anonymous const item (`const _: () = { ... }`) are treated as in the same scope as the anonymous const's declaration for the purpose of this lint
[INFO] [stdout]    = note: this warning originates in the derive macro `Deserialize` (in Nightly builds, run with -Z macro-backtrace for more info)
[INFO] [stdout] 
[INFO] [stdout] 
[INFO] [stdout] warning: non-local `impl` definition, `impl` blocks should be written at the same level as their item
[INFO] [stdout]  --> src/graphql.rs:7:10
[INFO] [stdout]   |
[INFO] [stdout] 7 | #[derive(Deserialize, Clone, Debug)]
[INFO] [stdout]   |          -^^^^^^^^^^
[INFO] [stdout]   |          |
[INFO] [stdout]   |          `GraphqlAction` is not local
[INFO] [stdout]   |          `Deserialize` is not local
[INFO] [stdout]   |          move the `impl` block outside of this constant `_IMPL_DESERIALIZE_FOR_GraphqlAction`
[INFO] [stdout]   |
[INFO] [stdout]   = note: the derive macro `Deserialize` defines the non-local `impl`, and may need to be changed
[INFO] [stdout]   = note: the derive macro `Deserialize` may come from an old version of the `serde_derive` crate, try updating your dependency with `cargo update -p serde_derive`
[INFO] [stdout]   = note: an `impl` is never scoped, even when it is nested inside an item, as it may impact type checking outside of that item, which can be the case if neither the trait or the self type are at the same nesting level as the `impl`
[INFO] [stdout]   = note: items in an anonymous const item (`const _: () = { ... }`) are treated as in the same scope as the anonymous const's declaration for the purpose of this lint
[INFO] [stdout]   = note: this warning originates in the derive macro `Deserialize` (in Nightly builds, run with -Z macro-backtrace for more info)
[INFO] [stdout] 
[INFO] [stdout] 
[INFO] [stdout] warning: non-local `impl` definition, `impl` blocks should be written at the same level as their item
[INFO] [stdout]   --> src/lwwset.rs:35:37
[INFO] [stdout]    |
[INFO] [stdout] 35 | #[derive(Clone, Debug, Deserialize, Serialize)]
[INFO] [stdout]    |                                     -^^^^^^^^
[INFO] [stdout]    |                                     |
[INFO] [stdout]    |                                     `Map` is not local
[INFO] [stdout]    |                                     `Serialize` is not local
[INFO] [stdout]    |                                     move the `impl` block outside of this constant `_IMPL_SERIALIZE_FOR_Map`
[INFO] [stdout]    |
[INFO] [stdout]    = note: the derive macro `Serialize` defines the non-local `impl`, and may need to be changed
[INFO] [stdout]    = note: the derive macro `Serialize` may come from an old version of the `serde_derive` crate, try updating your dependency with `cargo update -p serde_derive`
[INFO] [stdout]    = note: an `impl` is never scoped, even when it is nested inside an item, as it may impact type checking outside of that item, which can be the case if neither the trait or the self type are at the same nesting level as the `impl`
[INFO] [stdout]    = note: items in an anonymous const item (`const _: () = { ... }`) are treated as in the same scope as the anonymous const's declaration for the purpose of this lint
[INFO] [stdout]    = note: this warning originates in the derive macro `Serialize` (in Nightly builds, run with -Z macro-backtrace for more info)
[INFO] [stdout] 
[INFO] [stdout] 
[INFO] [stdout] warning: hiding a lifetime that's elided elsewhere is confusing
[INFO] [stdout]    --> src/lwwset.rs:140:17
[INFO] [stdout]     |
[INFO] [stdout] 140 |     pub fn iter(&self) -> Iter<K, V> {
[INFO] [stdout]     |                 ^^^^^     ^^^^^^^^^^ the same lifetime is hidden here
[INFO] [stdout]     |                 |
[INFO] [stdout]     |                 the lifetime is elided here
[INFO] [stdout]     |
[INFO] [stdout]     = help: the same lifetime is referred to in inconsistent ways, making the signature confusing
[INFO] [stdout] help: use `'_` for type paths
[INFO] [stdout]     |
[INFO] [stdout] 140 |     pub fn iter(&self) -> Iter<'_, K, V> {
[INFO] [stdout]     |                                +++
[INFO] [stdout] 
[INFO] [stdout] 
[INFO] [stdout] warning: hiding a lifetime that's elided elsewhere is confusing
[INFO] [stdout]    --> src/lwwset.rs:144:21
[INFO] [stdout]     |
[INFO] [stdout] 144 |     pub fn iter_mut(&mut self) -> IterMut<K, V> {
[INFO] [stdout]     |                     ^^^^^^^^^     ^^^^^^^^^^^^^ the same lifetime is hidden here
[INFO] [stdout]     |                     |
[INFO] [stdout]     |                     the lifetime is elided here
[INFO] [stdout]     |
[INFO] [stdout]     = help: the same lifetime is referred to in inconsistent ways, making the signature confusing
[INFO] [stdout] help: use `'_` for type paths
[INFO] [stdout]     |
[INFO] [stdout] 144 |     pub fn iter_mut(&mut self) -> IterMut<'_, K, V> {
[INFO] [stdout]     |                                           +++
[INFO] [stdout] 
[INFO] [stdout] 
[INFO] [stdout] warning: hiding a lifetime that's elided elsewhere is confusing
[INFO] [stdout]   --> src/version.rs:46:23
[INFO] [stdout]    |
[INFO] [stdout] 46 |     pub fn components(&self) -> Components {
[INFO] [stdout]    |                       ^^^^^     ^^^^^^^^^^ the same lifetime is hidden here
[INFO] [stdout]    |                       |
[INFO] [stdout]    |                       the lifetime is elided here
[INFO] [stdout]    |
[INFO] [stdout]    = help: the same lifetime is referred to in inconsistent ways, making the signature confusing
[INFO] [stdout] help: use `'_` for type paths
[INFO] [stdout]    |
[INFO] [stdout] 46 |     pub fn components(&self) -> Components<'_> {
[INFO] [stdout]    |                                           ++++
[INFO] [stdout] 
[INFO] [stdout] 
[INFO] [stdout] warning: non-local `impl` definition, `impl` blocks should be written at the same level as their item
[INFO] [stdout]  --> src/shield.rs:8:24
[INFO] [stdout]   |
[INFO] [stdout] 8 | #[derive(Clone, Debug, Serialize, Deserialize)]
[INFO] [stdout]   |                        -^^^^^^^^
[INFO] [stdout]   |                        |
[INFO] [stdout]   |                        `Shield` is not local
[INFO] [stdout]   |                        `Serialize` is not local
[INFO] [stdout]   |                        move the `impl` block outside of this constant `_IMPL_SERIALIZE_FOR_Shield`
[INFO] [stdout]   |
[INFO] [stdout]   = note: the derive macro `Serialize` defines the non-local `impl`, and may need to be changed
[INFO] [stdout]   = note: the derive macro `Serialize` may come from an old version of the `serde_derive` crate, try updating your dependency with `cargo update -p serde_derive`
[INFO] [stdout]   = note: an `impl` is never scoped, even when it is nested inside an item, as it may impact type checking outside of that item, which can be the case if neither the trait or the self type are at the same nesting level as the `impl`
[INFO] [stdout]   = note: items in an anonymous const item (`const _: () = { ... }`) are treated as in the same scope as the anonymous const's declaration for the purpose of this lint
[INFO] [stdout]   = note: this warning originates in the derive macro `Serialize` (in Nightly builds, run with -Z macro-backtrace for more info)
[INFO] [stdout] 
[INFO] [stdout] 
[INFO] [stdout] warning: non-local `impl` definition, `impl` blocks should be written at the same level as their item
[INFO] [stdout]  --> src/shield.rs:8:35
[INFO] [stdout]   |
[INFO] [stdout] 8 | #[derive(Clone, Debug, Serialize, Deserialize)]
[INFO] [stdout]   |                                   -^^^^^^^^^^
[INFO] [stdout]   |                                   |
[INFO] [stdout]   |                                   `Shield` is not local
[INFO] [stdout]   |                                   `Deserialize` is not local
[INFO] [stdout]   |                                   move the `impl` block outside of this constant `_IMPL_DESERIALIZE_FOR_Shield`
[INFO] [stdout]   |
[INFO] [stdout]   = note: the derive macro `Deserialize` defines the non-local `impl`, and may need to be changed
[INFO] [stdout]   = note: the derive macro `Deserialize` may come from an old version of the `serde_derive` crate, try updating your dependency with `cargo update -p serde_derive`
[INFO] [stdout]   = note: an `impl` is never scoped, even when it is nested inside an item, as it may impact type checking outside of that item, which can be the case if neither the trait or the self type are at the same nesting level as the `impl`
[INFO] [stdout]   = note: items in an anonymous const item (`const _: () = { ... }`) are treated as in the same scope as the anonymous const's declaration for the purpose of this lint
[INFO] [stdout]   = note: this warning originates in the derive macro `Deserialize` (in Nightly builds, run with -Z macro-backtrace for more info)
[INFO] [stdout] 
[INFO] [stdout] 
[INFO] [stdout] warning: creating a mutable reference to mutable static
[INFO] [stdout]   --> src/random.rs:17:9
[INFO] [stdout]    |
[INFO] [stdout] 17 |         RANDOM.as_mut().expect("random generator is initialized")
[INFO] [stdout]    |         ^^^^^^^^^^^^^^^ mutable reference to mutable static
[INFO] [stdout]    |
[INFO] [stdout]    = note: mutable references to mutable statics are dangerous; it's undefined behavior if any other pointer to the static is used or if any other reference is created for the static while the mutable reference lives
[INFO] [stdout]    = help: use a type that relies on "interior mutability" instead; to read more on this, visit <https://doc.rust-lang.org/reference/interior-mutability.html>
[INFO] [stdout]    = note: for more information, see <https://doc.rust-lang.org/edition-guide/rust-2024/static-mut-references.html>
[INFO] [stdout] 
[INFO] [stdout] 
[INFO] [stdout] warning: non-local `impl` definition, `impl` blocks should be written at the same level as their item
[INFO] [stdout]  --> src/graphql.rs:7:10
[INFO] [stdout]   |
[INFO] [stdout] 7 | #[derive(Deserialize, Clone, Debug)]
[INFO] [stdout]   |          -^^^^^^^^^^
[INFO] [stdout]   |          |
[INFO] [stdout]   |          `GraphqlAction` is not local
[INFO] [stdout]   |          `Deserialize` is not local
[INFO] [stdout]   |          move the `impl` block outside of this constant `_IMPL_DESERIALIZE_FOR_GraphqlAction`
[INFO] [stdout]   |
[INFO] [stdout]   = note: the derive macro `Deserialize` defines the non-local `impl`, and may need to be changed
[INFO] [stdout]   = note: the derive macro `Deserialize` may come from an old version of the `serde_derive` crate, try updating your dependency with `cargo update -p serde_derive`
[INFO] [stdout]   = note: an `impl` is never scoped, even when it is nested inside an item, as it may impact type checking outside of that item, which can be the case if neither the trait or the self type are at the same nesting level as the `impl`
[INFO] [stdout]   = note: items in an anonymous const item (`const _: () = { ... }`) are treated as in the same scope as the anonymous const's declaration for the purpose of this lint
[INFO] [stdout]   = note: this warning originates in the derive macro `Deserialize` (in Nightly builds, run with -Z macro-backtrace for more info)
[INFO] [stdout] 
[INFO] [stdout] 
[INFO] [stdout] error[E0425]: cannot find type `Action` in module `graphql`
[INFO] [stdout]   --> src/bin/scheduler/main.rs:33:36
[INFO] [stdout]    |
[INFO] [stdout] 33 | type Input = GenericInput<graphql::Action, Schedule, Value>;
[INFO] [stdout]    |                                    ^^^^^^ not found in `graphql`
[INFO] [stdout] 
[INFO] [stdout] 
[INFO] [stdout] error[E0425]: cannot find type `Action` in module `graphql`
[INFO] [stdout]   --> src/bin/scheduler/main.rs:33:36
[INFO] [stdout]    |
[INFO] [stdout] 33 | type Input = GenericInput<graphql::Action, Schedule, Value>;
[INFO] [stdout]    |                                    ^^^^^^ not found in `graphql`
[INFO] [stdout] 
[INFO] [stdout] 
[INFO] [stdout] warning: variable does not need to be mutable
[INFO] [stdout]   --> src/bin/scheduler/distribute.rs:41:21
[INFO] [stdout]    |
[INFO] [stdout] 41 |         if let Some(mut n) = r.servers.get_mut(&h[..]) {
[INFO] [stdout]    |                     ----^
[INFO] [stdout]    |                     |
[INFO] [stdout]    |                     help: remove this `mut`
[INFO] [stdout]    |
[INFO] [stdout]    = note: `#[warn(unused_mut)]` (part of `#[warn(unused)]`) on by default
[INFO] [stdout] 
[INFO] [stdout] 
[INFO] [stdout] warning: variable does not need to be mutable
[INFO] [stdout]   --> src/bin/scheduler/distribute.rs:41:21
[INFO] [stdout]    |
[INFO] [stdout] 41 |         if let Some(mut n) = r.servers.get_mut(&h[..]) {
[INFO] [stdout]    |                     ----^
[INFO] [stdout]    |                     |
[INFO] [stdout]    |                     help: remove this `mut`
[INFO] [stdout]    |
[INFO] [stdout]    = note: `#[warn(unused_mut)]` (part of `#[warn(unused)]`) on by default
[INFO] [stdout] 
[INFO] [stdout] 
[INFO] [stdout] warning: variable does not need to be mutable
[INFO] [stdout]   --> src/bin/scheduler/distribute.rs:60:17
[INFO] [stdout]    |
[INFO] [stdout] 60 |     for (nname, mut node) in &mut schedule.nodes {
[INFO] [stdout]    |                 ----^^^^
[INFO] [stdout]    |                 |
[INFO] [stdout]    |                 help: remove this `mut`
[INFO] [stdout] 
[INFO] [stdout] 
[INFO] [stdout] warning: variable does not need to be mutable
[INFO] [stdout]   --> src/bin/scheduler/distribute.rs:62:21
[INFO] [stdout]    |
[INFO] [stdout] 62 |         for (rname, mut nrole) in &mut node.roles {
[INFO] [stdout]    |                     ----^^^^^
[INFO] [stdout]    |                     |
[INFO] [stdout]    |                     help: remove this `mut`
[INFO] [stdout] 
[INFO] [stdout] 
[INFO] [stdout] warning: variable does not need to be mutable
[INFO] [stdout]   --> src/bin/scheduler/distribute.rs:68:25
[INFO] [stdout]    |
[INFO] [stdout] 68 |             for (sname, mut service) in &mut nrole.services {
[INFO] [stdout]    |                         ----^^^^^^^
[INFO] [stdout]    |                         |
[INFO] [stdout]    |                         help: remove this `mut`
[INFO] [stdout] 
[INFO] [stdout] 
[INFO] [stdout] warning: variable does not need to be mutable
[INFO] [stdout]   --> src/bin/scheduler/distribute.rs:70:21
[INFO] [stdout]    |
[INFO] [stdout] 70 |                 let mut rentry = r.entry((pname, gname, sname))
[INFO] [stdout]    |                     ----^^^^^^
[INFO] [stdout]    |                     |
[INFO] [stdout]    |                     help: remove this `mut`
[INFO] [stdout] 
[INFO] [stdout] 
[INFO] [stdout] warning: variable does not need to be mutable
[INFO] [stdout]   --> src/bin/scheduler/distribute.rs:86:21
[INFO] [stdout]    |
[INFO] [stdout] 86 |                 let mut rentry = r.entry((pname, gname, sname))
[INFO] [stdout]    |                     ----^^^^^^
[INFO] [stdout]    |                     |
[INFO] [stdout]    |                     help: remove this `mut`
[INFO] [stdout] 
[INFO] [stdout] 
[INFO] [stdout] warning: variable does not need to be mutable
[INFO] [stdout]   --> src/bin/scheduler/distribute.rs:60:17
[INFO] [stdout]    |
[INFO] [stdout] 60 |     for (nname, mut node) in &mut schedule.nodes {
[INFO] [stdout]    |                 ----^^^^
[INFO] [stdout]    |                 |
[INFO] [stdout]    |                 help: remove this `mut`
[INFO] [stdout] 
[INFO] [stdout] 
[INFO] [stdout] warning: variable does not need to be mutable
[INFO] [stdout]   --> src/bin/scheduler/distribute.rs:62:21
[INFO] [stdout]    |
[INFO] [stdout] 62 |         for (rname, mut nrole) in &mut node.roles {
[INFO] [stdout]    |                     ----^^^^^
[INFO] [stdout]    |                     |
[INFO] [stdout]    |                     help: remove this `mut`
[INFO] [stdout] 
[INFO] [stdout] 
[INFO] [stdout] warning: variable does not need to be mutable
[INFO] [stdout]   --> src/bin/scheduler/distribute.rs:68:25
[INFO] [stdout]    |
[INFO] [stdout] 68 |             for (sname, mut service) in &mut nrole.services {
[INFO] [stdout]    |                         ----^^^^^^^
[INFO] [stdout]    |                         |
[INFO] [stdout]    |                         help: remove this `mut`
[INFO] [stdout] 
[INFO] [stdout] 
[INFO] [stdout] warning: variable does not need to be mutable
[INFO] [stdout]   --> src/bin/scheduler/distribute.rs:70:21
[INFO] [stdout]    |
[INFO] [stdout] 70 |                 let mut rentry = r.entry((pname, gname, sname))
[INFO] [stdout]    |                     ----^^^^^^
[INFO] [stdout]    |                     |
[INFO] [stdout]    |                     help: remove this `mut`
[INFO] [stdout] 
[INFO] [stdout] 
[INFO] [stdout] warning: variable does not need to be mutable
[INFO] [stdout]   --> src/bin/scheduler/distribute.rs:86:21
[INFO] [stdout]    |
[INFO] [stdout] 86 |                 let mut rentry = r.entry((pname, gname, sname))
[INFO] [stdout]    |                     ----^^^^^^
[INFO] [stdout]    |                     |
[INFO] [stdout]    |                     help: remove this `mut`
[INFO] [stdout] 
[INFO] [stdout] 
[INFO] [stdout] For more information about this error, try `rustc --explain E0425`.
[INFO] [stdout] 
[INFO] [stdout] For more information about this error, try `rustc --explain E0425`.
[INFO] [stdout] 
[INFO] [stderr] error: could not compile `kokkupanek` (bin "scheduler" test) due to 1 previous error; 6 warnings emitted
[INFO] [stderr] warning: build failed, waiting for other jobs to finish...
[INFO] [stderr] error: could not compile `kokkupanek` (bin "scheduler") due to 1 previous error; 6 warnings emitted
[INFO] running `Command { std: "docker" "inspect" "fe79f233570185a0f1a712fa2910260ace84bb9663d4c30895017e02c472c8fe", kill_on_drop: false }`
[INFO] running `Command { std: "docker" "rm" "-f" "fe79f233570185a0f1a712fa2910260ace84bb9663d4c30895017e02c472c8fe", kill_on_drop: false }`
[INFO] [stdout] fe79f233570185a0f1a712fa2910260ace84bb9663d4c30895017e02c472c8fe
